{"id":3815,"date":"2025-09-05T21:06:03","date_gmt":"2025-09-05T21:06:03","guid":{"rendered":"https:\/\/wildhogoverland.com\/?post_type=product&#038;p=3815"},"modified":"2025-09-09T17:56:29","modified_gmt":"2025-09-09T17:56:29","slug":"parche-wild-hog-es-solo-un-rasguno","status":"publish","type":"product","link":"https:\/\/wildhogoverland.com\/?product=parche-wild-hog-es-solo-un-rasguno","title":{"rendered":"Parche Wild Hog &#8211; es solo un rasgu\u00f1o"},"content":{"rendered":"<p class=\"p1\">Este parche rinde homenaje a la legendaria frase del <i>Caballero Negro<\/i> en la pel\u00edcula cl\u00e1sica <span class=\"s1\"><b>Monty Python and the Holy Grail (1975)<\/b><\/span>: <i>\u201c\u2019Tis but a scratch\u201d<\/i>. Con un dise\u00f1o estilo escudo medieval, muestra al jabal\u00ed de Wild Hog como s\u00edmbolo de terquedad, fuerza y humor sarc\u00e1stico: no importa cu\u00e1n grande sea el golpe, siempre seguimos en pie.<\/p>\n<p>&nbsp;<\/p>\n<p>&nbsp;<\/p>\n","protected":false},"excerpt":{"rendered":"<p>Este parche rinde homenaje a la legendaria frase del Caballero Negro en la pel\u00edcula cl\u00e1sica Monty Python and the Holy Grail (1975): \u201c\u2019Tis but a scratch\u201d. Con un dise\u00f1o estilo escudo medieval, muestra al jabal\u00ed de Wild Hog como s\u00edmbolo de terquedad, fuerza y humor sarc\u00e1stico: no importa cu\u00e1n grande sea el golpe, siempre seguimos&hellip;&nbsp;<a href=\"https:\/\/wildhogoverland.com\/?product=parche-wild-hog-es-solo-un-rasguno\" rel=\"bookmark\">Read More &raquo;<span class=\"screen-reader-text\">Parche Wild Hog &#8211; es solo un rasgu\u00f1o<\/span><\/a><\/p>\n","protected":false},"featured_media":3822,"template":"","meta":{"neve_meta_sidebar":"","neve_meta_container":"","neve_meta_enable_content_width":"off","neve_meta_content_width":100,"neve_meta_title_alignment":"","neve_meta_author_avatar":"","neve_post_elements_order":"","neve_meta_disable_header":"","neve_meta_disable_footer":"","neve_meta_disable_title":"","neve_meta_reading_time":""},"product_brand":[],"product_cat":[48],"product_tag":[],"class_list":{"0":"post-3815","1":"product","2":"type-product","3":"status-publish","4":"has-post-thumbnail","6":"product_cat-parches","7":"product_shipping_class-fedex","9":"first","10":"instock","11":"shipping-taxable","12":"purchasable","13":"product-type-simple"},"_links":{"self":[{"href":"https:\/\/wildhogoverland.com\/index.php?rest_route=\/wp\/v2\/product\/3815","targetHints":{"allow":["GET"]}}],"collection":[{"href":"https:\/\/wildhogoverland.com\/index.php?rest_route=\/wp\/v2\/product"}],"about":[{"href":"https:\/\/wildhogoverland.com\/index.php?rest_route=\/wp\/v2\/types\/product"}],"wp:featuredmedia":[{"embeddable":true,"href":"https:\/\/wildhogoverland.com\/index.php?rest_route=\/wp\/v2\/media\/3822"}],"wp:attachment":[{"href":"https:\/\/wildhogoverland.com\/index.php?rest_route=%2Fwp%2Fv2%2Fmedia&parent=3815"}],"wp:term":[{"taxonomy":"product_brand","embeddable":true,"href":"https:\/\/wildhogoverland.com\/index.php?rest_route=%2Fwp%2Fv2%2Fproduct_brand&post=3815"},{"taxonomy":"product_cat","embeddable":true,"href":"https:\/\/wildhogoverland.com\/index.php?rest_route=%2Fwp%2Fv2%2Fproduct_cat&post=3815"},{"taxonomy":"product_tag","embeddable":true,"href":"https:\/\/wildhogoverland.com\/index.php?rest_route=%2Fwp%2Fv2%2Fproduct_tag&post=3815"}],"curies":[{"name":"wp","href":"https:\/\/api.w.org\/{rel}","templated":true}]}}