{"id":3650,"date":"2025-06-16T22:19:26","date_gmt":"2025-06-16T22:19:26","guid":{"rendered":"https:\/\/wildhogoverland.com\/?post_type=product&#038;p=3650"},"modified":"2026-03-03T14:08:11","modified_gmt":"2026-03-03T14:08:11","slug":"set-de-desinfladores-de-llantas","status":"publish","type":"product","link":"https:\/\/wildhogoverland.com\/?product=set-de-desinfladores-de-llantas","title":{"rendered":"Set de desinfladores de llantas"},"content":{"rendered":"<div>\u2022 CREATIVO: Este kit te permite desinflar las llantas en poco tiempo, sin necesidad de esperar ni vigilar la presi\u00f3n constantemente. La v\u00e1lvula de desinflado se detendr\u00e1 autom\u00e1ticamente en el valor de PSI que hayas preestablecido.<\/div>\n<div>\u2022PRECISI\u00d3N: Cada desinflador de llantas est\u00e1 calibrado individualmente; sin embargo, una tolerancia de +\/- 2 PSI se considera aceptable. El kit de desinflado est\u00e1 dise\u00f1ado para un r\u00e1pido ajuste de presi\u00f3n fuera de carretera, pero no para una calibraci\u00f3n precisa del veh\u00edculo.<\/div>\n<div>\u2022AJUSTABLE: No se requieren herramientas. El desinflador de llantas cuenta con una escala visible y clara; ajusta la presi\u00f3n de aire deseada y dejar\u00e1 de liberar aire autom\u00e1ticamente cuando se alcance el valor de PSI, simplemente girando el cuerpo del desinflador (donde est\u00e1 el logotipo). Rango de ajuste de 30 PSI a 10 PSI.<\/div>\n<div>\u2022EMPAQUE: Este kit incluye 4 v\u00e1lvulas de desinflado y un estuche con cierre. Es la herramienta perfecta para desinflar llantas en tus aventuras off-road, ideal para camionetas, veh\u00edculos deportivos, SUV, casas rodantes (RV) o UTV<\/div>\n","protected":false},"excerpt":{"rendered":"<p>\u2022 CREATIVO: Este kit te permite desinflar las llantas en poco tiempo, sin necesidad de esperar ni vigilar la presi\u00f3n constantemente. La v\u00e1lvula de desinflado se detendr\u00e1 autom\u00e1ticamente en el valor de PSI que hayas preestablecido. \u2022PRECISI\u00d3N: Cada desinflador de llantas est\u00e1 calibrado individualmente; sin embargo, una tolerancia de +\/- 2 PSI se considera aceptable.&hellip;&nbsp;<a href=\"https:\/\/wildhogoverland.com\/?product=set-de-desinfladores-de-llantas\" rel=\"bookmark\">Read More &raquo;<span class=\"screen-reader-text\">Set de desinfladores de llantas<\/span><\/a><\/p>\n","protected":false},"featured_media":3651,"template":"","meta":{"neve_meta_sidebar":"","neve_meta_container":"","neve_meta_enable_content_width":"off","neve_meta_content_width":100,"neve_meta_title_alignment":"","neve_meta_author_avatar":"","neve_post_elements_order":"","neve_meta_disable_header":"","neve_meta_disable_footer":"","neve_meta_disable_title":"","neve_meta_reading_time":""},"product_brand":[],"product_cat":[50],"product_tag":[],"class_list":{"0":"post-3650","1":"product","2":"type-product","3":"status-publish","4":"has-post-thumbnail","6":"product_cat-productos-all-top","7":"product_shipping_class-fedex","9":"first","10":"instock","11":"shipping-taxable","12":"purchasable","13":"product-type-variable"},"_links":{"self":[{"href":"https:\/\/wildhogoverland.com\/index.php?rest_route=\/wp\/v2\/product\/3650","targetHints":{"allow":["GET"]}}],"collection":[{"href":"https:\/\/wildhogoverland.com\/index.php?rest_route=\/wp\/v2\/product"}],"about":[{"href":"https:\/\/wildhogoverland.com\/index.php?rest_route=\/wp\/v2\/types\/product"}],"wp:featuredmedia":[{"embeddable":true,"href":"https:\/\/wildhogoverland.com\/index.php?rest_route=\/wp\/v2\/media\/3651"}],"wp:attachment":[{"href":"https:\/\/wildhogoverland.com\/index.php?rest_route=%2Fwp%2Fv2%2Fmedia&parent=3650"}],"wp:term":[{"taxonomy":"product_brand","embeddable":true,"href":"https:\/\/wildhogoverland.com\/index.php?rest_route=%2Fwp%2Fv2%2Fproduct_brand&post=3650"},{"taxonomy":"product_cat","embeddable":true,"href":"https:\/\/wildhogoverland.com\/index.php?rest_route=%2Fwp%2Fv2%2Fproduct_cat&post=3650"},{"taxonomy":"product_tag","embeddable":true,"href":"https:\/\/wildhogoverland.com\/index.php?rest_route=%2Fwp%2Fv2%2Fproduct_tag&post=3650"}],"curies":[{"name":"wp","href":"https:\/\/api.w.org\/{rel}","templated":true}]}}