{"id":3472,"date":"2025-04-02T01:21:30","date_gmt":"2025-04-02T01:21:30","guid":{"rendered":"https:\/\/wildhogoverland.com\/?post_type=product&#038;p=3472"},"modified":"2026-04-21T13:54:53","modified_gmt":"2026-04-21T13:54:53","slug":"carne-seca","status":"publish","type":"product","link":"https:\/\/wildhogoverland.com\/?product=carne-seca","title":{"rendered":"Carne Seca Jerky Pearson Ranch"},"content":{"rendered":"<p><span style=\"font-family: 'Luckiest Guy';\"><strong>La carne seca Pearson Ranch es el snack perfecto: ofrece una opci\u00f3n rica en prote\u00ednas, baja en carbohidratos y keto, ideal para cualquier dieta. Con cero gramos de az\u00facar te ofrece una forma sin remordimientos de satisfacer tus antojos y al mismo tiempo, te ayuda a alcanzar tus objetivos nutricionales. Disfruta de un snack delicioso y saludable, tan pr\u00e1ctico como nutritivo.<\/strong><\/span><\/p>\n<p><span style=\"font-family: 'Luckiest Guy';\">Elaboradas en Nuevo Mexico, USA.<\/span><\/p>\n<p><span style=\"font-family: 'Luckiest Guy';\">60gr<\/span><\/p>\n<p>&nbsp;<\/p>\n<p>&nbsp;<\/p>\n<table style=\"border-collapse: collapse; width: 100%;\">\n<tbody>\n<tr>\n<td style=\"width: 25%; text-align: center;\"><strong>JABALI<\/strong><\/td>\n<td style=\"width: 25%; text-align: center;\"><strong>VENADO<\/strong><\/td>\n<td style=\"width: 25%; text-align: center;\"><strong>BUFALO<\/strong><\/td>\n<td style=\"width: 25%; text-align: center;\"><strong>ALCE\u00a0<\/strong><\/td>\n<\/tr>\n<tr>\n<td style=\"width: 25%;\">\n<p class=\"p1\">El jabal\u00ed, tambi\u00e9n llamado cerdo salvaje, fue introducido en Am\u00e9rica por los primeros exploradores europeos. Actualmente se encuentra en al menos 45 estados, con mayor presencia en el sur de Estados Unidos. Su popularidad como carne de caza sigue creciendo, lo que ha favorecido su expansi\u00f3n.<\/p>\n<p class=\"p1\">La carne de jabal\u00ed es notablemente m\u00e1s sabrosa y compleja que la del cerdo convencional. Es m\u00e1s magra, con una textura m\u00e1s firme, y rica en hierro, niacina, selenio, tiamina, vitamina B6 y zinc. Adem\u00e1s, contiene menos sodio y colesterol que la carne de cerdo tradicional.<\/p>\n<p class=\"p1\">Todos nuestros productos de jabal\u00ed est\u00e1n aprobados por el USDA. Son bajos en grasa, altos en prote\u00edna, sin gluten, sin soya, sin MSG y sin nitritos a\u00f1adidos.<\/p>\n<\/td>\n<td style=\"width: 25%;\">\n<p class=\"p1\">El venado se refiere exclusivamente a la carne de ciervo. Es extremadamente magra, y su sabor, que recuerda al de la carne de res, presenta sutiles notas de caza. Dada su delgadez, al prepararla molida para hamburguesas, es com\u00fan mezclarla con tocino, aceite de oliva, queso o carne de res para mejorar su textura.<\/p>\n<p class=\"p1\">Es comparable en prote\u00edna, pero m\u00e1s baja en calor\u00edas que la carne de res, cerdo o cordero alimentados con pasto. Adem\u00e1s, retiene m\u00e1s humedad que estas carnes.<\/p>\n<p class=\"p1\">Su consumo es poco com\u00fan en Estados Unidos debido a las estrictas regulaciones del USDA, por lo que la mayor\u00eda proviene de Nueva Zelanda y Tasmania. Nuestros productos de venado est\u00e1n 100% aprobados por el USDA, y tambi\u00e9n son bajos en grasa, altos en prote\u00edna, sin gluten, sin soya, sin MSG y libres de nitritos a\u00f1adidos.<\/p>\n<\/td>\n<td style=\"width: 25%;\">\n<p class=\"p1\">El b\u00fafalo, tambi\u00e9n conocido como bisonte, estuvo al borde de la extinci\u00f3n a finales del siglo XIX. Hoy en d\u00eda, m\u00e1s de 200,000 animales son criados en Estados Unidos para la producci\u00f3n de carne.<\/p>\n<p class=\"p1\">Su carne, de color rojo intenso por su bajo contenido graso, ofrece un sabor ligeramente dulce y m\u00e1s profundo que el de la carne de res. Estos animales pastan libremente, sin exposici\u00f3n a hormonas ni qu\u00edmicos artificiales.<\/p>\n<p class=\"p1\">La carne de b\u00fafalo es densa y nutritiva: proporciona m\u00e1s prote\u00ednas y nutrientes con menos calor\u00edas y grasa. Es ideal para quienes buscan saciedad sin comer en exceso.<\/p>\n<p class=\"p1\">Nuestros productos de b\u00fafalo est\u00e1n elaborados con animales criados en libertad y aprobados por el USDA. Son bajos en grasa, ricos en prote\u00edna, sin gluten, sin soya, sin MSG y sin nitritos a\u00f1adidos.<\/p>\n<\/td>\n<td style=\"width: 25%;\">\n<p class=\"p1\">El alce es parte de la familia de los ciervos. Es m\u00e1s grande que el ciervo com\u00fan y m\u00e1s peque\u00f1o que el alce euroasi\u00e1tico. Habita Am\u00e9rica del Norte, Europa y Asia.<\/p>\n<p class=\"p1\">Su carne es muy magra y de textura fina, con un sabor suave que en ocasiones se describe como ligeramente dulce. Es una excelente fuente de prote\u00edna y contiene una gran concentraci\u00f3n de vitaminas del complejo B, derivadas de su dieta vegetal.<\/p>\n<p class=\"p1\">El alce domesticado no recibe esteroides, hormonas ni antibi\u00f3ticos de crecimiento como los que se encuentran en carnes convencionales. Tambi\u00e9n es m\u00e1s alto en \u00e1cidos grasos omega-3 y contiene todos los amino\u00e1cidos esenciales.<\/p>\n<p class=\"p1\">Nuestros productos de alce est\u00e1n hechos con carne de primera calidad, aprobada por el USDA. Son bajos en grasa, altos en prote\u00edna, sin gluten, sin soya, sin MSG y sin nitritos a\u00f1adidos.<\/p>\n<\/td>\n<\/tr>\n<\/tbody>\n<\/table>\n<p>&nbsp;<\/p>\n<p>&nbsp;<\/p>\n<p>&nbsp;<\/p>\n","protected":false},"excerpt":{"rendered":"<p>La carne seca Pearson Ranch es el snack perfecto: ofrece una opci\u00f3n rica en prote\u00ednas, baja en carbohidratos y keto, ideal para cualquier dieta. Con cero gramos de az\u00facar te ofrece una forma sin remordimientos de satisfacer tus antojos y al mismo tiempo, te ayuda a alcanzar tus objetivos nutricionales. Disfruta de un snack delicioso&hellip;&nbsp;<a href=\"https:\/\/wildhogoverland.com\/?product=carne-seca\" rel=\"bookmark\">Read More &raquo;<span class=\"screen-reader-text\">Carne Seca Jerky Pearson Ranch<\/span><\/a><\/p>\n","protected":false},"featured_media":3473,"template":"","meta":{"neve_meta_sidebar":"","neve_meta_container":"","neve_meta_enable_content_width":"off","neve_meta_content_width":100,"neve_meta_title_alignment":"","neve_meta_author_avatar":"","neve_post_elements_order":"","neve_meta_disable_header":"","neve_meta_disable_footer":"","neve_meta_disable_title":"","neve_meta_reading_time":""},"product_brand":[],"product_cat":[41],"product_tag":[],"class_list":{"0":"post-3472","1":"product","2":"type-product","3":"status-publish","4":"has-post-thumbnail","6":"product_cat-camping","7":"product_shipping_class-fedex","9":"first","10":"instock","11":"shipping-taxable","12":"purchasable","13":"product-type-variable"},"_links":{"self":[{"href":"https:\/\/wildhogoverland.com\/index.php?rest_route=\/wp\/v2\/product\/3472","targetHints":{"allow":["GET"]}}],"collection":[{"href":"https:\/\/wildhogoverland.com\/index.php?rest_route=\/wp\/v2\/product"}],"about":[{"href":"https:\/\/wildhogoverland.com\/index.php?rest_route=\/wp\/v2\/types\/product"}],"wp:featuredmedia":[{"embeddable":true,"href":"https:\/\/wildhogoverland.com\/index.php?rest_route=\/wp\/v2\/media\/3473"}],"wp:attachment":[{"href":"https:\/\/wildhogoverland.com\/index.php?rest_route=%2Fwp%2Fv2%2Fmedia&parent=3472"}],"wp:term":[{"taxonomy":"product_brand","embeddable":true,"href":"https:\/\/wildhogoverland.com\/index.php?rest_route=%2Fwp%2Fv2%2Fproduct_brand&post=3472"},{"taxonomy":"product_cat","embeddable":true,"href":"https:\/\/wildhogoverland.com\/index.php?rest_route=%2Fwp%2Fv2%2Fproduct_cat&post=3472"},{"taxonomy":"product_tag","embeddable":true,"href":"https:\/\/wildhogoverland.com\/index.php?rest_route=%2Fwp%2Fv2%2Fproduct_tag&post=3472"}],"curies":[{"name":"wp","href":"https:\/\/api.w.org\/{rel}","templated":true}]}}