{"id":3185,"date":"2024-09-02T18:44:57","date_gmt":"2024-09-02T18:44:57","guid":{"rendered":"https:\/\/wildhogoverland.com\/?post_type=product&#038;p=3185"},"modified":"2025-10-05T14:20:16","modified_gmt":"2025-10-05T14:20:16","slug":"microfono-de-reemplazo-rugged","status":"publish","type":"product","link":"https:\/\/wildhogoverland.com\/?product=microfono-de-reemplazo-rugged","title":{"rendered":"Microfono de reemplazo Rugged"},"content":{"rendered":"<p>\u00a1No vuelvas a tener problemas con tu micr\u00f3fono de mano! Con el sistema magn\u00e9tico Scosche MagicMount\u2122, agarrar y colocar tu micr\u00f3fono de mano nunca ha sido tan f\u00e1cil. Un simple im\u00e1n potente mantiene el micr\u00f3fono de mano en su posici\u00f3n incluso en los recorridos m\u00e1s dif\u00edciles.<\/p>\n<p>MagicMount\u2122 es el sistema de montaje magn\u00e9tico galardonado en m\u00faltiples ocasiones. Simplemente coloca tu micr\u00f3fono de mano cerca de la superficie magn\u00e9tica y se bloquear\u00e1 instant\u00e1neamente de forma segura en su lugar.<\/p>\n<p>Scosche MagicMount\u2122<br \/>\nResistente a la intemperie IP54<br \/>\nMicr\u00f3fono de voz clara<br \/>\nBot\u00f3n PTT de pulsaci\u00f3n positiva<br \/>\nCable en espiral de alta resistencia<\/p>\n","protected":false},"excerpt":{"rendered":"<p>\u00a1No vuelvas a tener problemas con tu micr\u00f3fono de mano! Con el sistema magn\u00e9tico Scosche MagicMount\u2122, agarrar y colocar tu micr\u00f3fono de mano nunca ha sido tan f\u00e1cil. Un simple im\u00e1n potente mantiene el micr\u00f3fono de mano en su posici\u00f3n incluso en los recorridos m\u00e1s dif\u00edciles. MagicMount\u2122 es el sistema de montaje magn\u00e9tico galardonado en&hellip;&nbsp;<a href=\"https:\/\/wildhogoverland.com\/?product=microfono-de-reemplazo-rugged\" rel=\"bookmark\">Read More &raquo;<span class=\"screen-reader-text\">Microfono de reemplazo Rugged<\/span><\/a><\/p>\n","protected":false},"featured_media":3189,"template":"","meta":{"neve_meta_sidebar":"","neve_meta_container":"","neve_meta_enable_content_width":"off","neve_meta_content_width":100,"neve_meta_title_alignment":"","neve_meta_author_avatar":"","neve_post_elements_order":"","neve_meta_disable_header":"","neve_meta_disable_footer":"","neve_meta_disable_title":"","neve_meta_reading_time":""},"product_brand":[],"product_cat":[51],"product_tag":[],"class_list":{"0":"post-3185","1":"product","2":"type-product","3":"status-publish","4":"has-post-thumbnail","6":"product_cat-ruggedradios","7":"product_shipping_class-fedex","9":"first","10":"instock","11":"shipping-taxable","12":"purchasable","13":"product-type-variable"},"_links":{"self":[{"href":"https:\/\/wildhogoverland.com\/index.php?rest_route=\/wp\/v2\/product\/3185","targetHints":{"allow":["GET"]}}],"collection":[{"href":"https:\/\/wildhogoverland.com\/index.php?rest_route=\/wp\/v2\/product"}],"about":[{"href":"https:\/\/wildhogoverland.com\/index.php?rest_route=\/wp\/v2\/types\/product"}],"wp:featuredmedia":[{"embeddable":true,"href":"https:\/\/wildhogoverland.com\/index.php?rest_route=\/wp\/v2\/media\/3189"}],"wp:attachment":[{"href":"https:\/\/wildhogoverland.com\/index.php?rest_route=%2Fwp%2Fv2%2Fmedia&parent=3185"}],"wp:term":[{"taxonomy":"product_brand","embeddable":true,"href":"https:\/\/wildhogoverland.com\/index.php?rest_route=%2Fwp%2Fv2%2Fproduct_brand&post=3185"},{"taxonomy":"product_cat","embeddable":true,"href":"https:\/\/wildhogoverland.com\/index.php?rest_route=%2Fwp%2Fv2%2Fproduct_cat&post=3185"},{"taxonomy":"product_tag","embeddable":true,"href":"https:\/\/wildhogoverland.com\/index.php?rest_route=%2Fwp%2Fv2%2Fproduct_tag&post=3185"}],"curies":[{"name":"wp","href":"https:\/\/api.w.org\/{rel}","templated":true}]}}