{"id":3179,"date":"2024-09-02T18:35:44","date_gmt":"2024-09-02T18:35:44","guid":{"rendered":"https:\/\/wildhogoverland.com\/?post_type=product&#038;p=3179"},"modified":"2025-10-05T14:24:56","modified_gmt":"2025-10-05T14:24:56","slug":"cargador-de-radio-gmr2","status":"publish","type":"product","link":"https:\/\/wildhogoverland.com\/?product=cargador-de-radio-gmr2","title":{"rendered":"Eliminador de bateria radio GMR2 Rugged"},"content":{"rendered":"<p>Mantenga sus comunicaciones mientras viaja con el eliminador de bater\u00eda para la radio port\u00e1til GMR2, Este eliminador de bater\u00eda de 12 V garantiza que su radio port\u00e1til GMR2 nunca se quede sin bater\u00eda y que siempre este comunicado.<\/p>\n<p>Ideal para viajes largos en la carretera o para un evento de trail de una semana en el que no haya una toma de corriente CA cerca. Simplemente retire la bater\u00eda de su radio port\u00e1til y reempl\u00e1cela con el eliminador de bater\u00eda. Con\u00e9ctelo a la toma de corriente auxiliar de su autom\u00f3vil y \u00a1listo!<\/p>\n<p>Si se le agota la bater\u00eda o simplemente desea ahorrar energ\u00eda para m\u00e1s adelante, el eliminador de bater\u00eda es un accesorio imprescindible.<\/p>\n<p>Compatible con las radios port\u00e1tiles GMR2 y GMR2 Plus.<\/p>\n","protected":false},"excerpt":{"rendered":"<p>Mantenga sus comunicaciones mientras viaja con el eliminador de bater\u00eda para la radio port\u00e1til GMR2, Este eliminador de bater\u00eda de 12 V garantiza que su radio port\u00e1til GMR2 nunca se quede sin bater\u00eda y que siempre este comunicado. Ideal para viajes largos en la carretera o para un evento de trail de una semana en&hellip;&nbsp;<a href=\"https:\/\/wildhogoverland.com\/?product=cargador-de-radio-gmr2\" rel=\"bookmark\">Read More &raquo;<span class=\"screen-reader-text\">Eliminador de bateria radio GMR2 Rugged<\/span><\/a><\/p>\n","protected":false},"featured_media":3180,"template":"","meta":{"neve_meta_sidebar":"","neve_meta_container":"","neve_meta_enable_content_width":"off","neve_meta_content_width":100,"neve_meta_title_alignment":"","neve_meta_author_avatar":"","neve_post_elements_order":"","neve_meta_disable_header":"","neve_meta_disable_footer":"","neve_meta_disable_title":"","neve_meta_reading_time":""},"product_brand":[],"product_cat":[51],"product_tag":[],"class_list":{"0":"post-3179","1":"product","2":"type-product","3":"status-publish","4":"has-post-thumbnail","6":"product_cat-ruggedradios","7":"product_shipping_class-fedex","9":"first","10":"instock","11":"shipping-taxable","12":"purchasable","13":"product-type-simple"},"_links":{"self":[{"href":"https:\/\/wildhogoverland.com\/index.php?rest_route=\/wp\/v2\/product\/3179","targetHints":{"allow":["GET"]}}],"collection":[{"href":"https:\/\/wildhogoverland.com\/index.php?rest_route=\/wp\/v2\/product"}],"about":[{"href":"https:\/\/wildhogoverland.com\/index.php?rest_route=\/wp\/v2\/types\/product"}],"wp:featuredmedia":[{"embeddable":true,"href":"https:\/\/wildhogoverland.com\/index.php?rest_route=\/wp\/v2\/media\/3180"}],"wp:attachment":[{"href":"https:\/\/wildhogoverland.com\/index.php?rest_route=%2Fwp%2Fv2%2Fmedia&parent=3179"}],"wp:term":[{"taxonomy":"product_brand","embeddable":true,"href":"https:\/\/wildhogoverland.com\/index.php?rest_route=%2Fwp%2Fv2%2Fproduct_brand&post=3179"},{"taxonomy":"product_cat","embeddable":true,"href":"https:\/\/wildhogoverland.com\/index.php?rest_route=%2Fwp%2Fv2%2Fproduct_cat&post=3179"},{"taxonomy":"product_tag","embeddable":true,"href":"https:\/\/wildhogoverland.com\/index.php?rest_route=%2Fwp%2Fv2%2Fproduct_tag&post=3179"}],"curies":[{"name":"wp","href":"https:\/\/api.w.org\/{rel}","templated":true}]}}