{"id":3069,"date":"2024-07-09T16:17:56","date_gmt":"2024-07-09T16:17:56","guid":{"rendered":"https:\/\/wildhogoverland.com\/?post_type=product&#038;p=3069"},"modified":"2025-10-22T02:11:14","modified_gmt":"2025-10-22T02:11:14","slug":"base-universal-para-radios-de-mano","status":"publish","type":"product","link":"https:\/\/wildhogoverland.com\/?product=base-universal-para-radios-de-mano","title":{"rendered":"Base universal para radios de mano"},"content":{"rendered":"<p>Sujeta de forma segura tu radio port\u00e1til a tu tablero. Este soporte ha sido dise\u00f1ado para atornillarse directamente a un tablero u otra superficie plana, sin necesidad de espaciadores ni soportes.<\/p>\n<p>Dise\u00f1o universal<br \/>\nConstrucci\u00f3n ligera<br \/>\nRecubrimiento \u00a0texturizado negro<br \/>\nSe puede utilizar con \u00a0soportes de barra<br \/>\nEste soporte puede funcionar con otros radios port\u00e1tiles, pero se confirma que funciona con radios Rugged: R1, GMR2, RDH16, V3 y RH5R.<\/p>\n<p>Requiere un clip para cintur\u00f3n para sujetarlo de forma segura<\/p>\n<p>Herramientas de montaje incluidas<\/p>\n","protected":false},"excerpt":{"rendered":"<p>Sujeta de forma segura tu radio port\u00e1til a tu tablero. Este soporte ha sido dise\u00f1ado para atornillarse directamente a un tablero u otra superficie plana, sin necesidad de espaciadores ni soportes. Dise\u00f1o universal Construcci\u00f3n ligera Recubrimiento \u00a0texturizado negro Se puede utilizar con \u00a0soportes de barra Este soporte puede funcionar con otros radios port\u00e1tiles, pero se&hellip;&nbsp;<a href=\"https:\/\/wildhogoverland.com\/?product=base-universal-para-radios-de-mano\" rel=\"bookmark\">Read More &raquo;<span class=\"screen-reader-text\">Base universal para radios de mano<\/span><\/a><\/p>\n","protected":false},"featured_media":3070,"template":"","meta":{"neve_meta_sidebar":"","neve_meta_container":"","neve_meta_enable_content_width":"off","neve_meta_content_width":100,"neve_meta_title_alignment":"","neve_meta_author_avatar":"","neve_post_elements_order":"","neve_meta_disable_header":"","neve_meta_disable_footer":"","neve_meta_disable_title":"","neve_meta_reading_time":""},"product_brand":[],"product_cat":[51],"product_tag":[],"class_list":{"0":"post-3069","1":"product","2":"type-product","3":"status-publish","4":"has-post-thumbnail","6":"product_cat-ruggedradios","7":"product_shipping_class-fedex","9":"first","10":"instock","11":"shipping-taxable","12":"purchasable","13":"product-type-simple"},"_links":{"self":[{"href":"https:\/\/wildhogoverland.com\/index.php?rest_route=\/wp\/v2\/product\/3069","targetHints":{"allow":["GET"]}}],"collection":[{"href":"https:\/\/wildhogoverland.com\/index.php?rest_route=\/wp\/v2\/product"}],"about":[{"href":"https:\/\/wildhogoverland.com\/index.php?rest_route=\/wp\/v2\/types\/product"}],"wp:featuredmedia":[{"embeddable":true,"href":"https:\/\/wildhogoverland.com\/index.php?rest_route=\/wp\/v2\/media\/3070"}],"wp:attachment":[{"href":"https:\/\/wildhogoverland.com\/index.php?rest_route=%2Fwp%2Fv2%2Fmedia&parent=3069"}],"wp:term":[{"taxonomy":"product_brand","embeddable":true,"href":"https:\/\/wildhogoverland.com\/index.php?rest_route=%2Fwp%2Fv2%2Fproduct_brand&post=3069"},{"taxonomy":"product_cat","embeddable":true,"href":"https:\/\/wildhogoverland.com\/index.php?rest_route=%2Fwp%2Fv2%2Fproduct_cat&post=3069"},{"taxonomy":"product_tag","embeddable":true,"href":"https:\/\/wildhogoverland.com\/index.php?rest_route=%2Fwp%2Fv2%2Fproduct_tag&post=3069"}],"curies":[{"name":"wp","href":"https:\/\/api.w.org\/{rel}","templated":true}]}}