{"id":2156,"date":"2023-07-06T23:01:17","date_gmt":"2023-07-06T23:01:17","guid":{"rendered":"https:\/\/wildhogoverland.com\/?page_id=2156"},"modified":"2023-07-11T18:50:58","modified_gmt":"2023-07-11T18:50:58","slug":"antenas-overlander","status":"publish","type":"page","link":"https:\/\/wildhogoverland.com\/?page_id=2156","title":{"rendered":"ANTENAS OVERLAND"},"content":{"rendered":"<div class=\"wp-block-image is-style-rounded\">\n<figure class=\"aligncenter size-large is-resized\"><img loading=\"lazy\" decoding=\"async\" src=\"https:\/\/wildhogoverland.com\/wp-content\/uploads\/2023\/07\/331113339_2168504916666586_6980224571492881026_n-1024x768.jpg\" alt=\"\" class=\"wp-image-2171\" width=\"512\" height=\"384\" srcset=\"https:\/\/wildhogoverland.com\/wp-content\/uploads\/2023\/07\/331113339_2168504916666586_6980224571492881026_n-1024x768.jpg 1024w, https:\/\/wildhogoverland.com\/wp-content\/uploads\/2023\/07\/331113339_2168504916666586_6980224571492881026_n-300x225.jpg 300w, https:\/\/wildhogoverland.com\/wp-content\/uploads\/2023\/07\/331113339_2168504916666586_6980224571492881026_n-768x576.jpg 768w, https:\/\/wildhogoverland.com\/wp-content\/uploads\/2023\/07\/331113339_2168504916666586_6980224571492881026_n-1536x1152.jpg 1536w, https:\/\/wildhogoverland.com\/wp-content\/uploads\/2023\/07\/331113339_2168504916666586_6980224571492881026_n-500x375.jpg 500w, https:\/\/wildhogoverland.com\/wp-content\/uploads\/2023\/07\/331113339_2168504916666586_6980224571492881026_n-800x600.jpg 800w, https:\/\/wildhogoverland.com\/wp-content\/uploads\/2023\/07\/331113339_2168504916666586_6980224571492881026_n-1280x960.jpg 1280w, https:\/\/wildhogoverland.com\/wp-content\/uploads\/2023\/07\/331113339_2168504916666586_6980224571492881026_n-1920x1440.jpg 1920w, https:\/\/wildhogoverland.com\/wp-content\/uploads\/2023\/07\/331113339_2168504916666586_6980224571492881026_n-600x450.jpg 600w, https:\/\/wildhogoverland.com\/wp-content\/uploads\/2023\/07\/331113339_2168504916666586_6980224571492881026_n.jpg 2048w\" sizes=\"auto, (max-width: 512px) 100vw, 512px\" \/><\/figure>\n<\/div>\n\n\n<p><\/p>\n\n\n\n<p>Cada vez es mas com\u00fan encontrarnos este tipo de antenas montadas en un 4&#215;4, pero ..\u00bfpara que sirven? , \u00bfrealmente son \u00fatiles ? , aqu\u00ed te lo contamos:<\/p>\n\n\n\n<p>Como bien sabemos, una parte importante en las rutas todo terreno\/overland, es el estar en comunicaci\u00f3n con los miembros que integran el grupo, ya sea, para avisar sobre alg\u00fan obst\u00e1culo, alguna falla mec\u00e1nica, as\u00ed como tambien mantener en todo momento la caravana compacta. Esto ultimo puede ser dif\u00edcil cuando perdemos el contacto visual con nuestros compa\u00f1eros y es aqu\u00ed, donde un radio puede sernos de mucha utilidad.<\/p>\n\n\n\n<p>El tema de las comunicaciones es bastante extenso, tan solo el abarcar los tipos de radios y sus respectivas bandas , da para varias horas de lectura, por lo que nos vamos a centrar en los que nosotros solemos usar.<\/p>\n\n\n\n<p><strong>GMRS <\/strong><\/p>\n\n\n\n<p> GMRS ( General Mobile Radio Service) es un servicio de radio que es usado para comunicaciones de voz bidireccionales,  utilizando radios port\u00e1tiles, radios m\u00f3viles y sistemas repetidores.   Este servicio va ganando cada vez mas popularidad entre los aficionados al overland, debido a su claridad de voz, su gran facilidad de uso, su mayor rango de alcance ( mientras que un radio CB puede llegar a tener 4-5 millas, un radio GMRS de 50w puede superar las 50).<\/p>\n\n\n<div class=\"wp-block-image\">\n<figure class=\"aligncenter size-large is-resized\"><img loading=\"lazy\" decoding=\"async\" src=\"https:\/\/wildhogoverland.com\/wp-content\/uploads\/2023\/07\/imageedit_603_3924995277-1024x593.webp\" alt=\"\" class=\"wp-image-2157\" width=\"768\" height=\"445\" srcset=\"https:\/\/wildhogoverland.com\/wp-content\/uploads\/2023\/07\/imageedit_603_3924995277-1024x593.webp 1024w, https:\/\/wildhogoverland.com\/wp-content\/uploads\/2023\/07\/imageedit_603_3924995277-300x174.webp 300w, https:\/\/wildhogoverland.com\/wp-content\/uploads\/2023\/07\/imageedit_603_3924995277-768x444.webp 768w, https:\/\/wildhogoverland.com\/wp-content\/uploads\/2023\/07\/imageedit_603_3924995277-1536x889.webp 1536w, https:\/\/wildhogoverland.com\/wp-content\/uploads\/2023\/07\/imageedit_603_3924995277-500x289.webp 500w, https:\/\/wildhogoverland.com\/wp-content\/uploads\/2023\/07\/imageedit_603_3924995277-800x463.webp 800w, https:\/\/wildhogoverland.com\/wp-content\/uploads\/2023\/07\/imageedit_603_3924995277-1280x741.webp 1280w, https:\/\/wildhogoverland.com\/wp-content\/uploads\/2023\/07\/imageedit_603_3924995277-600x347.webp 600w, https:\/\/wildhogoverland.com\/wp-content\/uploads\/2023\/07\/imageedit_603_3924995277-104x60.webp 104w, https:\/\/wildhogoverland.com\/wp-content\/uploads\/2023\/07\/imageedit_603_3924995277-156x90.webp 156w, https:\/\/wildhogoverland.com\/wp-content\/uploads\/2023\/07\/imageedit_603_3924995277.webp 1828w\" sizes=\"auto, (max-width: 768px) 100vw, 768px\" \/><figcaption class=\"wp-element-caption\"><em>Example of real-world GMRS range, level terrain.&nbsp;Note:&nbsp;Assumes 50 watt base and mobile, 5 watt handheld, base antenna at 50\u2032.<\/em><\/figcaption><\/figure>\n<\/div>\n\n\n<p class=\"has-text-align-center\">Fuente:https:\/\/woofthebeatenpath.com\/cb-vs-gmrs-radio-which-is-better-for-off-road\/<\/p>\n\n\n\n<p>Otro factor importante a tomar en cuenta al decidirse para comprar un radio , es que los radios GMRS tambien pueden  tomar las frecuencias de los com\u00fanmente llamado<strong>s walkie-talkie<\/strong>, estos utilizan una frecuencia llamada FRS ( <strong>Family Radio Servic<\/strong>e) , as\u00ed que podemos utilizar nuestro radio GMRS y cuando haya necesidad de descender del vehiculo, por ejemplo , para hacer labores de recuperaci\u00f3n, podemos seguir comunicados con los dem\u00e1s usando un walkie-talkie . <\/p>\n\n\n\n<p>La gran diferencia entonces entre GMRS y FRS seria que, el sistema FRS solo tiene 500 miliwatts (medio watt) de potencia, debido a esto, su alcance es muy limitado. mientras que el  GMRS puede usar hasta 50 watts de potencia.<\/p>\n\n\n\n<p>Teniendo claro entonces lo referente a la banda GMRS , lo siguiente seria , <strong>\u00bfque radio comprar? <\/strong>aqu\u00ed nuestra recomendaci\u00f3n:<\/p>\n\n\n\n<p><strong>Midland MXT400<\/strong> &#8211; Midland MicroMobile 15W GMRS<\/p>\n\n\n\n<p>QYT GS800D GMRS- RUGGED GMR25<\/p>\n\n\n<div class=\"wp-block-image\">\n<figure class=\"aligncenter size-large is-resized\"><img loading=\"lazy\" decoding=\"async\" src=\"https:\/\/wildhogoverland.com\/wp-content\/uploads\/2023\/07\/012E3867-61BD-4EAC-99F6-F17D6E36D094-1024x1024.jpg\" alt=\"\" class=\"wp-image-2164\" width=\"344\" height=\"344\" srcset=\"https:\/\/wildhogoverland.com\/wp-content\/uploads\/2023\/07\/012E3867-61BD-4EAC-99F6-F17D6E36D094-1024x1024.jpg 1024w, https:\/\/wildhogoverland.com\/wp-content\/uploads\/2023\/07\/012E3867-61BD-4EAC-99F6-F17D6E36D094-300x300.jpg 300w, https:\/\/wildhogoverland.com\/wp-content\/uploads\/2023\/07\/012E3867-61BD-4EAC-99F6-F17D6E36D094-150x150.jpg 150w, https:\/\/wildhogoverland.com\/wp-content\/uploads\/2023\/07\/012E3867-61BD-4EAC-99F6-F17D6E36D094-768x768.jpg 768w, https:\/\/wildhogoverland.com\/wp-content\/uploads\/2023\/07\/012E3867-61BD-4EAC-99F6-F17D6E36D094-1536x1536.jpg 1536w, https:\/\/wildhogoverland.com\/wp-content\/uploads\/2023\/07\/012E3867-61BD-4EAC-99F6-F17D6E36D094-500x500.jpg 500w, https:\/\/wildhogoverland.com\/wp-content\/uploads\/2023\/07\/012E3867-61BD-4EAC-99F6-F17D6E36D094-800x800.jpg 800w, https:\/\/wildhogoverland.com\/wp-content\/uploads\/2023\/07\/012E3867-61BD-4EAC-99F6-F17D6E36D094-1280x1280.jpg 1280w, https:\/\/wildhogoverland.com\/wp-content\/uploads\/2023\/07\/012E3867-61BD-4EAC-99F6-F17D6E36D094-1920x1920.jpg 1920w, https:\/\/wildhogoverland.com\/wp-content\/uploads\/2023\/07\/012E3867-61BD-4EAC-99F6-F17D6E36D094-100x100.jpg 100w, https:\/\/wildhogoverland.com\/wp-content\/uploads\/2023\/07\/012E3867-61BD-4EAC-99F6-F17D6E36D094-600x600.jpg 600w, https:\/\/wildhogoverland.com\/wp-content\/uploads\/2023\/07\/012E3867-61BD-4EAC-99F6-F17D6E36D094-60x60.jpg 60w, https:\/\/wildhogoverland.com\/wp-content\/uploads\/2023\/07\/012E3867-61BD-4EAC-99F6-F17D6E36D094-90x90.jpg 90w, https:\/\/wildhogoverland.com\/wp-content\/uploads\/2023\/07\/012E3867-61BD-4EAC-99F6-F17D6E36D094.jpg 2048w\" sizes=\"auto, (max-width: 344px) 100vw, 344px\" \/><\/figure>\n<\/div>\n\n\n<p><\/p>\n\n\n\n<p>Estos radios son bastante f\u00e1ciles de instalar y bastante sencillos de utilizar tambien, por lo que cualquiera, dependiendo de tu presupuesto, es una buena opci\u00f3n.  Ahora que tenemos nuestro radio GMRS seria momento de considerar cambiar de antena, en caso de que tu radio ya cuente con alguna, o agregarle en caso de que no la incluya.<\/p>\n\n\n\n<p>\u00bf Que antena escoger?<\/p>\n\n\n\n<p>Un factor determinante para escoger el tipo de antena que usaremos , es la ganancia de las antenas, la ganancia se define como la capacidad de una antena para dirigir o concentrar la se\u00f1al radiada que emite. La ganancia se mide en Dbi  (decibelios relativos a un radiador isotr\u00f3pico), por lo regular las antenas que se incluyen con los radios son de 1-1.5 Dbi  y las antenas de alta gama rondan los 3 o 6 Dbi o mas. <\/p>\n\n\n<div class=\"wp-block-image\">\n<figure class=\"aligncenter size-large is-resized\"><img loading=\"lazy\" decoding=\"async\" src=\"https:\/\/wildhogoverland.com\/wp-content\/uploads\/2023\/07\/Antenna-Gain-Diagram1-1024x512.jpg\" alt=\"Fuente: https:\/\/www.jpole-antenna.com\/2014\/03\/28\/antenna-gain-explained\/\" class=\"wp-image-2179\" width=\"512\" height=\"256\" srcset=\"https:\/\/wildhogoverland.com\/wp-content\/uploads\/2023\/07\/Antenna-Gain-Diagram1-1024x512.jpg 1024w, https:\/\/wildhogoverland.com\/wp-content\/uploads\/2023\/07\/Antenna-Gain-Diagram1-300x150.jpg 300w, https:\/\/wildhogoverland.com\/wp-content\/uploads\/2023\/07\/Antenna-Gain-Diagram1-768x384.jpg 768w, https:\/\/wildhogoverland.com\/wp-content\/uploads\/2023\/07\/Antenna-Gain-Diagram1-500x250.jpg 500w, https:\/\/wildhogoverland.com\/wp-content\/uploads\/2023\/07\/Antenna-Gain-Diagram1-800x400.jpg 800w, https:\/\/wildhogoverland.com\/wp-content\/uploads\/2023\/07\/Antenna-Gain-Diagram1-600x300.jpg 600w, https:\/\/wildhogoverland.com\/wp-content\/uploads\/2023\/07\/Antenna-Gain-Diagram1-120x60.jpg 120w, https:\/\/wildhogoverland.com\/wp-content\/uploads\/2023\/07\/Antenna-Gain-Diagram1-180x90.jpg 180w, https:\/\/wildhogoverland.com\/wp-content\/uploads\/2023\/07\/Antenna-Gain-Diagram1.jpg 1200w\" sizes=\"auto, (max-width: 512px) 100vw, 512px\" \/><figcaption class=\"wp-element-caption\"><em>Fuente: https:\/\/www.jpole-antenna.com\/2014\/03\/28\/antenna-gain-explained\/<\/em><\/figcaption><\/figure>\n<\/div>\n\n\n<p>Cuando nuestro radio transmite, hay una cantidad constante de energ\u00eda que se irradia desde una antena. La antena no puede crear m\u00e1s energ\u00eda o producir energ\u00eda de la nada, pero puede enfocar la energ\u00eda transmitida, haci\u00e9ndola m\u00e1s concentrada. Este efecto de concentraci\u00f3n o enfoque que realiza la antena se considera ganancia. En conclusi\u00f3n a mayor ganancia, tendremos m\u00e1s se\u00f1al, alcance o distancia.<\/p>\n\n\n\n<p>Ahora bien, con esto se entender\u00eda que la mejor antena seria entonces  la de mayor ganancia, pero esto va a depender del uso planeado que tengamos para la misma, una antena de 3 Dbi nos va a funcionar perfectamente para su uso en ciudad y en terrenos monta\u00f1osos y una antena de 6 Dbi tendr\u00e1  su mejor funcionamiento en \u00e1reas planas y abiertas.<\/p>\n\n\n<div class=\"wp-block-image\">\n<figure class=\"aligncenter size-large is-resized\"><img loading=\"lazy\" decoding=\"async\" src=\"https:\/\/wildhogoverland.com\/wp-content\/uploads\/2023\/07\/ATEFBR660_Web_Anaconda_4-1.jpg-copia-1-1024x1024.jpg\" alt=\"\" class=\"wp-image-2223\" width=\"512\" height=\"512\" srcset=\"https:\/\/wildhogoverland.com\/wp-content\/uploads\/2023\/07\/ATEFBR660_Web_Anaconda_4-1.jpg-copia-1-1024x1024.jpg 1024w, https:\/\/wildhogoverland.com\/wp-content\/uploads\/2023\/07\/ATEFBR660_Web_Anaconda_4-1.jpg-copia-1-300x300.jpg 300w, https:\/\/wildhogoverland.com\/wp-content\/uploads\/2023\/07\/ATEFBR660_Web_Anaconda_4-1.jpg-copia-1-150x150.jpg 150w, https:\/\/wildhogoverland.com\/wp-content\/uploads\/2023\/07\/ATEFBR660_Web_Anaconda_4-1.jpg-copia-1-768x768.jpg 768w, https:\/\/wildhogoverland.com\/wp-content\/uploads\/2023\/07\/ATEFBR660_Web_Anaconda_4-1.jpg-copia-1-1536x1536.jpg 1536w, https:\/\/wildhogoverland.com\/wp-content\/uploads\/2023\/07\/ATEFBR660_Web_Anaconda_4-1.jpg-copia-1-500x500.jpg 500w, https:\/\/wildhogoverland.com\/wp-content\/uploads\/2023\/07\/ATEFBR660_Web_Anaconda_4-1.jpg-copia-1-800x800.jpg 800w, https:\/\/wildhogoverland.com\/wp-content\/uploads\/2023\/07\/ATEFBR660_Web_Anaconda_4-1.jpg-copia-1-1280x1280.jpg 1280w, https:\/\/wildhogoverland.com\/wp-content\/uploads\/2023\/07\/ATEFBR660_Web_Anaconda_4-1.jpg-copia-1-1920x1920.jpg 1920w, https:\/\/wildhogoverland.com\/wp-content\/uploads\/2023\/07\/ATEFBR660_Web_Anaconda_4-1.jpg-copia-1-100x100.jpg 100w, https:\/\/wildhogoverland.com\/wp-content\/uploads\/2023\/07\/ATEFBR660_Web_Anaconda_4-1.jpg-copia-1-600x600.jpg 600w, https:\/\/wildhogoverland.com\/wp-content\/uploads\/2023\/07\/ATEFBR660_Web_Anaconda_4-1.jpg-copia-1-60x60.jpg 60w, https:\/\/wildhogoverland.com\/wp-content\/uploads\/2023\/07\/ATEFBR660_Web_Anaconda_4-1.jpg-copia-1-90x90.jpg 90w, https:\/\/wildhogoverland.com\/wp-content\/uploads\/2023\/07\/ATEFBR660_Web_Anaconda_4-1.jpg-copia-1.jpg 2048w\" sizes=\"auto, (max-width: 512px) 100vw, 512px\" \/><\/figure>\n<\/div>\n\n\n<p><\/p>\n\n\n\n<p>Es por ello que podemos ver algunos veh\u00edculos que usan ambas, alternando su uso, seg\u00fan lo requieran, ademas quien puede decir que no se ven geniales je je.<\/p>\n","protected":false},"excerpt":{"rendered":"<p>Cada vez es mas com\u00fan encontrarnos este tipo de antenas montadas en un 4&#215;4, pero ..\u00bfpara que sirven? , \u00bfrealmente son \u00fatiles ? , aqu\u00ed te lo contamos: Como bien sabemos, una parte importante en las rutas todo terreno\/overland, es el estar en comunicaci\u00f3n con los miembros que integran el grupo, ya sea, para avisar&hellip;&nbsp;<a href=\"https:\/\/wildhogoverland.com\/?page_id=2156\" rel=\"bookmark\">Read More &raquo;<span class=\"screen-reader-text\">ANTENAS OVERLAND<\/span><\/a><\/p>\n","protected":false},"author":1,"featured_media":2171,"parent":0,"menu_order":0,"comment_status":"closed","ping_status":"closed","template":"","meta":{"neve_meta_sidebar":"","neve_meta_container":"","neve_meta_enable_content_width":"","neve_meta_content_width":0,"neve_meta_title_alignment":"","neve_meta_author_avatar":"","neve_post_elements_order":"","neve_meta_disable_header":"","neve_meta_disable_footer":"","neve_meta_disable_title":"","neve_meta_reading_time":"","footnotes":""},"class_list":["post-2156","page","type-page","status-publish","has-post-thumbnail","hentry"],"_links":{"self":[{"href":"https:\/\/wildhogoverland.com\/index.php?rest_route=\/wp\/v2\/pages\/2156","targetHints":{"allow":["GET"]}}],"collection":[{"href":"https:\/\/wildhogoverland.com\/index.php?rest_route=\/wp\/v2\/pages"}],"about":[{"href":"https:\/\/wildhogoverland.com\/index.php?rest_route=\/wp\/v2\/types\/page"}],"author":[{"embeddable":true,"href":"https:\/\/wildhogoverland.com\/index.php?rest_route=\/wp\/v2\/users\/1"}],"replies":[{"embeddable":true,"href":"https:\/\/wildhogoverland.com\/index.php?rest_route=%2Fwp%2Fv2%2Fcomments&post=2156"}],"version-history":[{"count":36,"href":"https:\/\/wildhogoverland.com\/index.php?rest_route=\/wp\/v2\/pages\/2156\/revisions"}],"predecessor-version":[{"id":2921,"href":"https:\/\/wildhogoverland.com\/index.php?rest_route=\/wp\/v2\/pages\/2156\/revisions\/2921"}],"wp:featuredmedia":[{"embeddable":true,"href":"https:\/\/wildhogoverland.com\/index.php?rest_route=\/wp\/v2\/media\/2171"}],"wp:attachment":[{"href":"https:\/\/wildhogoverland.com\/index.php?rest_route=%2Fwp%2Fv2%2Fmedia&parent=2156"}],"curies":[{"name":"wp","href":"https:\/\/api.w.org\/{rel}","templated":true}]}}